 -140 + 78. Let u = -55 - s. Calculate the remainder when 32 is divided by d(u).
2
Suppose 45*m - 76 = -4*s + 50*m, 3*s = -m + 57. Suppose 133 = 2*v - 5*o, 5*v = -0*o - o + 373. What is the remainder when v is divided by s?
17
Let h(r) = -2*r + 69 + r + r - 2*r. What is the remainder when h(28) is divided by 11?
2
Suppose 0 = 2*d - 2*h + 920, -6*d + 1382 = -9*d + 4*h. Let f = 606 + d. Calculate the remainder when f is divided by 44.
16
Suppose -8*h = -2*h + 18. Let z(p) = -9*p. Calculate the remainder when z(-3) is divided by (406/87)/((-1)/h).
13
Let x be (-1)/(-5) - 56/(-20). Calculate the remainder when (x/(-9) - 1218/18)/(-2) is divided by 5.
4
Let j = -121 + 196. Let i = -67 + j. Suppose m = -i + 109. Calculate the remainder when m is divided by 35.
31
Let u(g) = g. Let q be u(5). Suppose q*p + 41 - 136 = 0. Suppose 14*o = -22*o + 2700. What is the remainder when o is divided by p?
18
Suppose 9*q - 2*q = 0. Suppose q = -p - 2, -2*p - 1 = -i + 10. Suppose -i*g + 100 = -2*g. Calculate the remainder when 138 is divided by g.
18
Let p be ((-30)/(-4))/(15/340). Let m = 203 - p. What is the remainder when 41 is divided by m?
8
Suppose 143*c - 138*c - 56 = -4*m, 3*m - 42 = -3*c. What is the remainder when 4473 is divided by m?
7
Let m(a) = a**3 + 5*a**2 - 9*a - 5. Let q be m(-6). Suppose q*r - 210 = 7*r. What is the remainder when r is divided by 12?
11
Let l = 8926 + -8275. What is the remainder when 2619 is divided by l?
15
Let p be (1 + 1)*(-1 + -1). Let w(i) be the second derivative of -i**3 - 13*i**2/2 + 274*i. What is the remainder when 18 is divided by w(p)?
7
Suppose 21*a - 11*a - 1600 = 0. Let z = -58 + a. Calculate the remainder when z is divided by 54.
48
Suppose -73 = -2*c + 5*h, -103 = -2*c + 5*h - 6*h. Suppose 71 = 4*w - c. What is the remainder when 117 is divided by w?
27
Let m = -6879 + 6935. Calculate the remainder when 2011 is divided by m.
51
Let g(c) = c**2 + 15*c + 144. Let w be g(-24). Suppose 0 = -29*d + 35*d - w. Calculate the remainder when d is divided by 22.
16
Let i = 163 + -112. Let o = 161 - 191. Let f(h) = -h**3 - 32*h**2 - 61*h - 17. What is the remainder when i is divided by f(o)?
12
What is the remainder when 6774/30*(-64 + 69) is divided by 49?
2
Let p(b) = -3*b**3 - 19*b**2 - b - 6. Let i be p(-8). Let k = 377 - i. What is the remainder when k is divided by 9?
1
What is the remainder when (-1 - (-6 - 0))*(-19)/(-38)*394 is divided by 22?
17
Suppose -16*v + 53*v + 7622 = 0. Let d = v - -264. What is the remainder when d is divided by 25?
8
Suppose -4*z - 20 = -2*v, -z + 22 = 2*v - v. Let o be ((-124)/(-6) - 0)/(4/v). Let a = o + -74. What is the remainder when 37 is divided by a?
18
What is the remainder when (-243)/45 + 2/5 + (-227)/(-1) is divided by 26?
14
Suppose -71 = 3*d + 13*j, j + 46 - 38 = 0. Calculate the remainder when 119 is divided by d.
9
Let x(u) = -14*u - 2*u**3 - 4 + 17*u**2 + u**3 - 15. Suppose 743*c - 1280 = 663*c. What is the remainder when 114 is divided by x(c)?
10
Suppose -x + b + 44 - 453 = 0, b = -x - 407. Calculate the remainder when 16/(-6)*x/32 is divided by 9.
7
Suppose -4*w = r - 593, 2*w - w - 144 = 4*r. Let f = -144 + w. Calculate the remainder when 36 is divided by f.
0
Let o = -128 + 262. Let g = -69660 + 69675. What is the remainder when o is divided by g?
14
Calculate the remainder when 424 is divided by (-2467)/(-17) - 750/(-300)*(-4)/85.
134
Let b(i) = 8*i**2 + 55*i + 247. Calculate the remainder when b(-5) is divided by 29.
27
Let d = -5786 - -5792. What is the remainder when 73 is divided by d?
1
Let v(w) be the third derivative of -7*w**4/24 - 27*w**3/2 - 13*w**2. Calculate the remainder when 58 is divided by v(-13).
8
Let r = -99 - -170. Let u = 4100 - 3962. What is the remainder when u is divided by r?
67
Let u = 10802 - 10790. Suppose -5*l + 535 = -0*l. Calculate the remainder when l is divided by u.
11
Let g(j) = -2*j + 4. Let m be (6/30)/(-1)*-305. Suppose -m*b + 55*b + 150 = 0. Calculate the remainder when b is divided by g(-5).
11
Suppose 12*l - 7*l = 10. Let r be (-76 + 6)*(-3)/l. Let a = r - 76. What is the remainder when a is divided by 16?
13
Let j = 237 + -217. Suppose 53*p + 234 = 55*p. What is the remainder when p is divided by j?
17
Suppose 3138*a + 30 = 3133*a, o - 29 = -4*a. Calculate the remainder when 314 is divided by o.
49
Let v(n) = -3*n**2 - 7*n + 31. Let c(i) = i**2 + 2*i - 10. Let w(j) = -17*c(j) - 6*v(j). What is the remainder when w(4) is divided by 7 + 1 - (1 - 2)?
5
Suppose 0 = -2*w - 5*c + 146, 0 = -w - 4*c + 61 + 18. Let t(m) = m**2 - m + 5. Let o = 10 - 7. Calculate the remainder when w is divided by t(o).
8
Let h(z) = 10*z - 52. Suppose 44 = d - 2*q, 30 = d + 3*q - 29. Calculate the remainder when d is divided by h(8).
22
Suppose -1546 = -4*o + 706. Let r = o + -533. What is the remainder when 1048 is divided by r?
28
Suppose 2*q = -108 + 38. Calculate the remainder when (120/q)/(8/(-28)) is divided by (-92)/(-10) + ((-1196)/65)/(-23).
2
Let k = 105 - -140. Let o = 258 - k. What is the remainder when 21 is divided by o?
8
Let r = 3353 - 3327. Calculate the remainder when 647 is divided by r.
23
Let h(l) = -14*l**2 - 130*l + 3. What is the remainder when 346 is divided by h(-9)?
34
Let c = -423 + 419. Calculate the remainder when 59 is divided by -4*c*8/16.
3
Let c(x) = -4*x**2 + 146*x + 1269. Calculate the remainder when 3820 is divided by c(0).
13
Let c = -158 + 214. Let k = 6 + c. What is the remainder when k is divided by 26?
10
Let d(v) = -13*v + 3229. Calculate the remainder when d(190) is divided by 40.
39
Let y = -80 + -175. Let u = 347 + y. What is the remainder when u is divided by 15?
2
Let n(a) = a**2 - 24. Let g be n(-10). Let i = g + -67. Calculate the remainder when i is divided by 6.
3
Let v(u) = -u**2 - 12*u - 13. Suppose -5*p + 766 - 156 = 0. Suppose p*m + 13 = 123*m. What is the remainder when m is divided by v(-10)?
6
Suppose -7*y = -5*y - 70. Let l = -2425 + 2499. What is the remainder when l is divided by y?
4
Suppose -5*w + w - 24 = 0. Let f(y) = -y - 3. Let m be f(w). Calculate the remainder when 53 is divided by (-27)/18*(-22)/m.
9
Let a = -2618 - -4400. What is the remainder when a is divided by 119?
116
Suppose -2*k - 3*z + 28 = 0, -140 + 143 = k - 4*z. Calculate the remainder when 901 is divided by k.
10
Let b = 2 - 2. Let j(v) = -v**2 + v + 69. Suppose -40*z + 65*z = 600. What is the remainder when j(b) is divided by z?
21
Suppose -13*h - 41 + 873 = 0. Calculate the remainder when 1087 is divided by h.
63
Calculate the remainder when -39*(-11 + (-117)/27) is divided by 60.
58
Suppose 5390 = -40*a + 62*a. Calculate the remainder when 8570 is divided by a.
240
Let x(i) = -2*i**2 + 16*i + 2. Suppose -2*f - 15 = -19*y + 16*y, -4*f = 2*y - 10. Suppose -4*h = -16 - 20. What is the remainder when h is divided by x(f)?
1
Let i = -17 - -24. Suppose -5*d + 133 = -r - 65, 3*d + 2*r - 124 = 0. Let c = -22 + d. What is the remainder when c is divided by i?
4
Suppose 3*u + 7 = 5*l, 5*l - 4*l - 5 = 0. Suppose -79 = -u*x + 11. What is the remainder when 27 is divided by x?
12
Let a(n) = -n - 8. Let c be a(-5). Let w(q) = -2*q - 1. Suppose -5*j + 39 + 31 = 5*u, -j = -5*u + 100. What is the remainder when u is divided by w(c)?
4
Suppose -15*v + 225 = 30*v. Suppose -5*o - 3*j + 254 = 0, v*o = 3*o + j + 106. What is the remainder when 205 is divided by o?
49
Suppose -2*m + 0*l = -4*l + 46, -5*l = 3*m + 25. Calculate the remainder when (-2 - 65/m)*18 is divided by 15.
12
Let h = 1361 + -1294. What is the remainder when h is divided by 54?
13
Let i = 44384 + -44353. Suppose 0 = 5*a + 4*c - 534, 3*a - 338 = 3*c - c. What is the remainder when a is divided by i?
17
Let h(p) = -6*p**3 - 35*p**2 + 12*p + 59. Calculate the remainder when 1603 is divided by h(-6).
16
Let f be ((-8)/(-4) - -3) + -3 - 2. Suppose f*s - 4*s = -20. Calculate the remainder when 21 is divided by s.
1
Let v(n) = -n**3 + 21*n**2 + 29*n - 13. Suppose 57*r + 78 = 63*r. Calculate the remainder when v(22) is divided by r.
11
Let y(p) = 8*p - 16. Let w be y(6). Suppose -35 = -37*m + w*m. Let x = m + 4. What is the remainder when 43 is divided by x?
10
Suppose -4*s + 533 = -x + 218, 3*s - 243 = 3*x. Suppose -d = -s - 53. Calculate the remainder when d is divided b